 remainder when ((-9)/(-6) - 1)*j is divided by f.
7
Let z = -26 - -41. What is the remainder when 149 is divided by z?
14
Suppose -5*m = -36 - 24. Let c(k) = k**2 + 10*k + 22. Suppose -12 = -4*q - 52. What is the remainder when c(q) is divided by m?
10
Suppose -6*i - 60 = -11*i. Calculate the remainder when 46 is divided by i.
10
Suppose -2*z = 13 - 33. What is the remainder when 49 is divided by z?
9
Suppose 4*l + 18 = 2, -2*m + 5*l = -232. Let d = m + -70. What is the remainder when d is divided by 13?
10
Suppose m + m - 8 = -2*u, 0 = 4*m - 3*u - 9. Calculate the remainder when 6 is divided by m.
0
Suppose 4*n - 445 = -5*v, 0*n + 5*n = -v + 89. Calculate the remainder when v is divided by 18.
17
Let i = 114 + -62. Suppose f + 1 - 19 = 0. Suppose r = -0*r + f. What is the remainder when i is divided by r?
16
Let q(y) = -32*y**3 - y**2 - 3*y - 1. What is the remainder when q(-1) is divided by 22?
11
Let m(u) = -u**3 + 13*u**2 - 13*u + 14. Let h be m(12). Suppose 5*v - 54 = 4*f, -h*v = 4*f - 2*f - 36. What is the remainder when 41 is divided by v?
13
Let s(q) = q**2 - 6*q + 7. What is the remainder when 134 is divided by s(9)?
32
Suppose h + 5 = 0, 2*i - 5*h = 6*i + 33. What is the remainder when 29 is divided by -3 + (i + 2 - -11)?
5
Suppose -65 - 19 = -4*b. Calculate the remainder when b is divided by 11.
10
Let r = 282 - 173. Calculate the remainder when r is divided by 22.
21
Let g(l) = -20*l + 1. Calculate the remainder when 59 is divided by g(-1).
17
Let x = 412 + -290. What is the remainder when x is divided by 25?
22
Suppose -3*k - 26 = -2*y - 1, -30 = -5*y + k. What is the remainder when y is divided by (-52)/(-12) + (-1)/3?
1
Suppose -3*x + 25 = 2*x. Suppose -4*f - 127 = -x*o, f = -o + 6*f + 38. What is the remainder when 68 is divided by o?
22
Calculate the remainder when 9 is divided by -3 + 7/(21/18).
0
Let a(x) = -x + 45. Let h be a(0). Suppose -3*k = -8*k + h. Let t = k - 0. Calculate the remainder when 25 is divided by t.
7
Suppose 4*z = -3*l + 65, 0 = 3*z - 3*l + 2*l - 65. Let p = 115 - 56. What is the remainder when p is divided by z?
19
Let d(a) = a**2 - 18*a + 39. Calculate the remainder when d(19) is divided by 20.
18
Let z(b) = b**3 - 5*b**2 + 1. Let r be z(4). Let w = r - -27. Let k(o) = -7*o - 8. Calculate the remainder when k(-6) is divided by w.
10
Suppose 0 = 5*a - 9 - 26. What is the remainder when 23 is divided by a?
2
Let r = 1 - -1. Let f = r - -1. Suppose 0 = f*t + 4*s - 22, -3*s + 30 = 5*t + 2*s. Calculate the remainder when 5 is divided by t.
1
Suppose 0 = -4*k - 0*k - 56. Let i = 0 + 4. What is the remainder when i is divided by (-4)/k - 38/(-14)?
1
Suppose -5*s - 24 + 9 = 0. Calculate the remainder when (-2 - (s - -2))*-7 is divided by 4.
3
Let r(f) = -12*f + 6. What is the remainder when r(-6) is divided by 16?
14
Let b be (-1306)/(-14) + 6/(-21). Let p = b + -46. Suppose 2*z + p = 3*l, 0*l + z - 35 = -3*l. Calculate the remainder when l is divided by 7.
6
Suppose -125 = -0*c - 5*c. Let q(i) = -2*i**3 - 2*i**2 - 4*i. What is the remainder when q(-3) is divided by c?
23
Suppose -132 = 21*s - 25*s. Calculate the remainder when 92 is divided by s.
26
Let h be (-3 + 2)/((-1)/3). Suppose 0 = -h*z - 0*z + 3. Let t = 13 + -12. Calculate the remainder when z is divided by t.
0
Suppose -2*z + 7*z - 20 = 0. Calculate the remainder when z is divided by ((-3)/(-12))/(4*(-5)/(-160)).
0
Suppose 2*m + 4 - 60 = 4*j, 4*m = 2*j + 124. What is the remainder when m is divided by 12?
8
Let u(d) = -6*d - 3*d**3 - 1 + 2*d**3 + 0*d**3 + 4*d - d**2. Let i be u(-2). Let w = i + 3. What is the remainder when 19 is divided by w?
9
Suppose 3*p - 76 = -1. What is the remainder when 98 is divided by p?
23
Suppose 19 = -0*y + y. Suppose t - 22 = -t. What is the remainder when y is divided by t?
8
Suppose 0 = 4*y + w - 143, 2*y = -w - 2*w + 59. Suppose 5 = -3*o + 65. Calculate the remainder when y is divided by o.
17
Let f = 45 - 2. Calculate the remainder when f is divided by 5.
3
Let z(d) = d**3 + 2*d**2 - d + 75. What is the remainder when z(0) is divided by 19?
18
Let a(v) = 38*v - 1. Let u be a(1). Let r be 12/1*(-7)/(-4). Let b = u - r. What is the remainder when b is divided by 6?
4
Calculate the remainder when 39 is divided by ((-40)/(-14))/((-4)/(-14)).
9
Suppose r - 5*r + 568 = 0. Suppose 3*b + 44 = 4*x - r, 3*x - 2*b - 139 = 0. What is the remainder when x is divided by 12?
9
Suppose 3*j - j + 35 = -5*s, s = -3*j - 7. Let p = 2 - s. What is the remainder when p is divided by 5?
4
Let w = -100 - -159. What is the remainder when w is divided by 10?
9
Suppose -52 = -3*d + 5*y + 75, 89 = 2*d + y. Suppose 0 = -2*b - 2*b - 4*a + 64, -3*b + a = -d. What is the remainder when 29 is divided by b?
14
Suppose 0 = 3*o + 5*r - 118, -44 = -2*o - 4*r + 34. Let t(c) = -c**3 + 5*c**2 + c + 1. What is the remainder when o is divided by t(4)?
20
Suppose 4*h + 5*g = 85, -14 = -2*h + 5*g + 21. Calculate the remainder when 71 is divided by h.
11
Calculate the remainder when 2/(-19) + 1427/19 is divided by 20.
15
Let u = -29 - -43. Let w(f) = -f**3 + 4*f**2 + 3*f - 1. Let o be w(3). Let m = o + -13. What is the remainder when u is divided by m?
2
Suppose -285 = 2*x - 3*x. Suppose 2*f = 7*f - x. Calculate the remainder when f is divided by 20.
17
Let g = -37 + 63. What is the remainder when g is divided by 7?
5
Let y be (5/(5/2))/(-2). Let w = y - -3. What is the remainder when 7 is divided by w?
1
What is the remainder when 17 - 6*(-1)/2 is divided by 7?
6
Let g be (-3)/(-1) - (-101 + 5). Suppose -6*h = -g - 63. Calculate the remainder when h is divided by 15.
12
Let x(k) = 2*k + 4. Let l be x(6). Let u = l - -4. What is the remainder when (-30)/40*(-4)/(-6)*-76 is divided by u?
18
Suppose -94 = -11*f + 71. Calculate the remainder when 55 is divided by f.
10
Let m = 9 + -9. Suppose m = 2*n + 2*n + 16. What is the remainder when 400/15 + n/6 is divided by 14?
12
What is the remainder when 19 is divided by -1*-1*1/(1/7)?
5
Let d(h) = -h**2 - 8*h - 4. Let g be d(-7). Suppose g*v = -v + 140. Let w(f) = f**3 - 3*f**2 + 5*f - 3. Calculate the remainder when v is divided by w(3).
11
Suppose 0 = -2*z + 2*p + 10, -4*z = -2*p - 5 - 19. What is the remainder when 24 is divided by z?
3
Suppose -4*m + 155 = 5*i, 0*m - 35 = -m - 2*i. Calculate the remainder when m is divided by 10.
5
Suppose -v + 11 = -4*n, -2*n - 3*n = 0. Calculate the remainder when 7*-1*(-40)/14 is divided by v.
9
Calculate the remainder when ((-66)/(-9))/((-3)/(-36)) is divided by 13.
10
Suppose -3*z + 491 = 4*t - 139, 310 = 2*t + 4*z. What is the remainder when t is divided by 20?
19
Let q = 12 - 4. Let s be (-2)/q - (-183)/12. What is the remainder when 39 is divided by ((-84)/s)/((-2)/5)?
11
What is the remainder when 19 is divided by 312/28 + (-2)/14?
8
Suppose -12 = -d + c, 0*d + 3*d - 6 = -3*c. Calculate the remainder when 55 is divided by d.
6
Let s be 105/(-20)*16/(-6). Let m = s - 25. Let g = 21 + m. Calculate the remainder when 28 is divided by g.
8
Let w be 10/(1/7*-2). Let k = -25 - w. Calculate the remainder when 28 is divided by k.
8
Suppose 2*a - 3 = 9. What is the remainder when 15 is divided by a?
3
Let n = 25 + 3. Suppose 6*l - 4*l = n. Calculate the remainder when 39 is divided by l.
11
Suppose 3*q = -12, -8 = 4*d - 5*q - 4. Let z = d + 8. Suppose -5*i - 11 + 41 = 0. What is the remainder when i is divided by z?
0
Let p(d) = -d**3 - 7*d**2 + 9*d + 11. What is the remainder when 5 is divided by p(-8)?
2
Suppose 17*d = 29*d - 216. Let h(t) = t**3 + 8*t**2 + 7*t + 3. Calculate the remainder when h(-6) is divided by d.
15
Suppose -s = 3*s - 2*j - 158, -3*s - 3*j = -105. Let r = 90 - s. Calculate the remainder when r is divided by 9.
7
Suppose 3*w = 4*b + b - 316, -5*b + 314 = -2*w. What is the remainder when b is divided by 17?
11
Let x = -50 - -68. What is the remainder when 31 is divided by x?
13
Let g be -10 + 1/(-2 - -3). What is the remainder when (-4)/6 + (-96)/g is divided by 3?
1
Let i be 4/((-8)/3)*-2. Suppose -2*z + 5 = i*z. Calculate the remainder when -5*((-7)/5 + 1) is divided by z.
0
Suppose 5*m = -62 - 68. Let z = 45 + m. Calculate the remainder when z is divided by 7.
5
Let b = -1 - -3. Suppose 2*c = b*i + 8 + 26, -2*c + 46 = -5*i. Suppose 2*x + 0*x = 50. Cal